n base 8?
-41
What is 55706 (base 9) in base 4?
21002133
Convert 11103 (base 4) to base 6.
1323
What is -39b (base 16) in base 9?
-1235
What is 4234 (base 6) in base 13?
589
Convert 3c0 (base 14) to base 3.
1001000
Convert -ad57 (base 15) to base 14.
-d577
725 (base 14) to base 3
1221001
What is 3231 (base 5) in base 15?
1e6
65892 (base 10) to base 12
32170
Convert -5b97 (base 16) to base 3.
-1012011102
1000220 (base 3) to base 15
353
What is 4141403 (base 5) in base 2?
10000101100000001
What is -9c (base 13) in base 7?
-243
Convert -5e72 (base 16) to base 7.
-130330
2052 (base 11) to base 7
10633
Convert 164317 (base 8) to base 12.
2a5a7
3358 (base 10) to base 12
1b3a
Convert 35b (base 14) to base 7.
1644
Convert -344 (base 15) to base 4.
-23203
-10110221 (base 3) to base 6
-15424
Convert 11113 (base 7) to base 10.
2803
-2033 (base 5) to base 14
-152
What is 8b68 (base 12) in base 5?
443423
-1133201 (base 4) to base 6
-44145
What is -1377 (base 8) in base 12?
-53b
Convert 13342 (base 5) to base 8.
2111
What is 1321033 (base 4) in base 16?
1e4f
What is -5bc (base 13) in base 8?
-1750
Convert -102313 (base 4) to base 9.
-1581
836 (base 13) to base 2
10101110101
-342042 (base 5) to base 16
-2f73
What is -17517 (base 8) in base 5?
-224030
-b52b (base 16) to base 14
-12c8b
-5448 (base 12) to base 16
-2438
What is -1235 (base 7) in base 12?
-32b
Convert -19a (base 16) to base 14.
-214
What is 20111 (base 3) in base 9?
214
2362 (base 7) to base 4
31231
-147b4 (base 13) to base 11
-27073
12021002 (base 3) to base 2
111011111100
What is 141414 (base 6) in base 14?
4c02
Convert -212120 (base 3) to base 7.
-1566
What is -133311 (base 4) in base 8?
-3765
What is b41 (base 12) in base 7?
4522
Convert 120101 (base 3) to base 13.
25c
41330 (base 6) to base 2
1010110010110
What is -23013 (base 5) in base 13?
-988
What is -1164 (base 8) in base 5?
-10003
Convert -1977 (base 11) to base 9.
-3382
Convert 24b (base 13) to base 7.
1112
Convert 38420 (base 9) to base 4.
12110001
-7fb8 (base 16) to base 11
-22624
What is -373 (base 11) in base 6?
-2015
Convert f7f (base 16) to base 11.
2a87
-2014 (base 6) to base 2
-110111010
Convert 2c6 (base 15) to base 4.
21330
6407 (base 11) to base 4
2010131
What is 3070 (base 9) in base 4?
203022
1338 (base 10) to base 16
53a
Convert -543b (base 12) to base 13.
-42a7
-25077 (base 12) to base 15
-ed1d
-977 (base 10) to base 2
-1111010001
Convert 51330 (base 7) to base 5.
400031
What is 3412 (base 5) in base 9?
585
-4187 (base 10) to base 2
-1000001011011
Convert 474 (base 9) to base 11.
326
Convert 170 (base 8) to base 12.
a0
Convert -11a7 (base 11) to base 14.
-801
Convert 752 (base 9) to base 4.
21212
What is -633 (base 10) in base 15?
-2c3
-241 (base 6) to base 10
-97
222203 (base 4) to base 7
10640
What is -1000001100111010 (base 2) in base 5?
-2033334
Convert 778 (base 16) to base 11.
1489
-610 (base 8) to base 10
-392
bc54 (base 13) to base 5
1320024
What is 625 (base 7) in base 16?
139
-111111010100 (base 2) to base 10
-4052
What is -120f (base 16) in base 8?
-11017
Convert 5099 (base 13) to base 5.
323421
Convert -45 (base 8) to base 16.
-25
What is -a4 (base 12) in base 13?
-97
What is 2531 (base 9) in base 14?
991
What is 46177 (base 10) in base 13?
18031
Convert -12144 (base 5) to base 2.
-1110011100
3326 (base 13) to base 4
1233122
Convert 163164 (base 7) to base 11.
22328
64 (base 14) to base 10
88
What is -1101101011 (base 2) in base 4?
-31223
What is 2044402 (base 5) in base 9?
52108
-a436 (base 13) to base 15
-6acb
What is -ccc (base 16) in base 2?
-110011001100
What is -726 (base 13) in base 8?
-2277
-201101 (base 3) to base 7
-1345
4012 (base 5) to base 9
623
-4732 (base 11) to base 5
-144311
What is 506 (base 9) in base 14?
215
Convert -2597 (base 11) to base 7.
-12556
Convert 14331 (base 11) to base 13.
9364
10100001000 (base 2) to base 15
5ad
Convert -11000000011010 (base 2) to base 6.
-133002
Convert -13257 (base 9) to base 11.
-6808
Convert 210 (base 5) to base 8.
67
Convert -511 (base 15) to base 14.
-5b7
10361 (base 7) to base 15
b7b
215b0 (base 14) to base 5
10040320
Convert 7bb (base 14) to base 7.
4324
Convert -2071 (base 10) to base 6.
-13331
What is -12f (base 16) in base 12?
-213
Convert -8ac (base 14) to base 9.
-2321
What is 11210021 (base 3) in base 2?
110110100010
What is 1441 (base 11) in base 4?
131010
Convert 1224 (base 5) to base 3.
21000
What is e2 (base 15) in base 13?
134
-10441 (base 6) to base 14
-769
What is -110010000000 (base 2) in base 5?
-100300
Convert 121101010 (base 3) to base 12.
6aa9
b7bd (base 16) to base 4
23132331
14440 (base 5) to base 16
4dd
7d5 (base 14) to base 8
3027
-12833 (base 9) to base 5
-234242
-20159 (base 11) to base 4
-13030123
-111 (base 4) to base 12
-19
433124 (base 5) to base 15
45ae
-152641 (base 7) to base 14
-ac21
Convert 4899 (base 11) to base 16.
1900
Convert 15687 (base 10) to base 7.
63510
Convert -3214 (base 10) to base 2.
-110010001110
Convert -10104 (base 6) to base 12.
-934
Convert 27ec (base 16) to base 12.
5ab8
-12211 (base 3) to base 9
-184
Convert 1011101111101 (base 2) to base 8.
13575
Convert -3161 (base 7) to base 15.
-4eb
Convert -1120212 (base 4) to base 2.
-1011000100110
What is -111110100110011 (base 2) in base 4?
-13310303
Convert -4230 (base 13) to base 9.
-13513
What is -117a5 (base 13) in base 14?
-b992
1110010011 (base 2) to base 3
1020220
Convert -cda (base 16) to base 13.
-1661
1011 (base 8) to base 11
434
Convert -10121 (base 6) to base 9.
-1754
What is 24 (base 7) in base 11?
17
What is -212322 (base 4) in base 8?
-4672
Convert -1001110111 (base 2) to base 5.
-10011
56c (base 14) to base 15
4bb
-40022 (base 5) to base 16
-9d0
What is 11730 (base 9) in base 13?
3786
What is -202ba (base 12) in base 11?
-29533
Convert -1011 (base 9) to base 15.
-344
Convert -1300124 (base 5) to base 11.
-178a3
What is 423 (base 15) in base 3?
1021120
What is -b85 (base 13) in base 3?
-2200220
What is 870 (base 12) in base 4?
103110
-21436 (base 8) to base 10
-8990
Convert -14343 (base 6) to base 7.
-6456
1404020 (base 5) to base 3
1110021120
Convert 350 (base 12) to base 11.
408
-1011101100 (base 2) to base 8
-1354
What is 281e (base 15) in base 10?
8579
What is 3 (base 9) in base 14?
3
599 (base 10) to base 9
735
161 (base 11) to base 7
356
-2aa9 (base 13) to base 5
-144343
What is 1218 (base 10) in base 16?
4c2
2220 (base 3) to base 14
58
111101011001 (base 2) to base 15
126e
-51443 (base 6) to base 4
-1223103
1102010 (base 3) to base 11
856
Convert 2012100 (base 4) to base 7.
34023
What is 1516 (base 11) in base 3?
2200100
Convert -15533 (base 7) to base 12.
-2655
What is -1ad72 (base 15) in base 9?
-142808
Convert 202120 (base 3) to base 6.
2323
Convert -22e (base 16) to base 3.
-202200
-155a0 (base 12) to base 11
-2077a
What is 2a6 (base 12) in base 14?
218
What is 165 (base 7) in base 5?
341
Convert 576b (base 14) to base 6.
154151
-32878 (base 9) to base 10
-21860
What is -2165 (base 13) in base 4?
-1020212
-1011110110111 (base 2) to base 15
-1beb
Convert -1321103 (base 4) to base 6.
-55535
What is 195 (base 12) in base 6?
1105
What is -1a22 (base 11) in base 2?
-101000000101
11354 (base 6) to base 16
676
Convert 4560 (base 8) to base 14.
c48
What is -158b (base 16) in base 11?
-4164
What is -413 (base 13) in base 3?
-221122
What is 2767 (base 9) in base 10?
2086
Convert 1131021 (base 4) to base 7.
23244
What is 32ae (base 16) in base 13?
5ba0
1100100110 (base 2) to base 10
806
What is 23160 (base 11) in base 7?
166362
Convert -2756 (base 9) to base 6.
-13340
What is 627 (base 11) in base 10?
755
-4062 (base 8) to base 14
-a9c
3002 (base 7) to base 16
407
What is 16d (base 15) in base 10?
328
Convert -2211 (base 5) to base 4.
-10302
c8 (base 15) to base 10
188
What is -1122002 (base 3) in base 14?
-610
What is -21202 (base 8) in base 9?
-13105
-30237 (base 9) to base 4
-10312213
Convert 558 (base 10) to base 6.
2330
Convert 26ab (base 12) to base 15.
14bb
Convert 64204 (base 7) to base 15.
4a8a
What is -199 (base 12) in base 11?
-218
-1212 (base 6) to base 14
-172
-17512 (base 8) to base 3
-101222200
-642 (base 9) to base 8
-1014
211054 (base 6) to base 8
41312
-11111111111111 (base 2) to base 13
-75c3
-767 (base 14) to base 5
-2